{"id":2346,"date":"2021-05-28T16:36:01","date_gmt":"2021-05-28T19:36:01","guid":{"rendered":"http:\/\/rapidosat.com.br\/index.php\/mas-informacion-sobre-las-cookies\/"},"modified":"2021-05-28T17:23:31","modified_gmt":"2021-05-28T20:23:31","slug":"mas-informacion-sobre-las-cookies","status":"publish","type":"page","link":"https:\/\/rapidosat.com.br\/index.php\/mas-informacion-sobre-las-cookies\/","title":{"rendered":"Mais informa\u00e7\u00f5es sobre cookies"},"content":{"rendered":"<div id=\"tw-target-text-container\" class=\"tw-ta-container hide-focus-ring tw-nfl\" tabindex=\"0\">\n<pre id=\"tw-target-text\" class=\"tw-data-text tw-text-large XcVN5d tw-ta\" dir=\"ltr\" data-placeholder=\"Tradu\u00e7\u00e3o\"><span class=\"Y2IQFc\" lang=\"pt\"><strong>O que \u00e9 um cookie?<\/strong>\n<br \/>\nUm cookie \u00e9 um arquivo de texto inofensivo que \u00e9 armazenado em seu navegador quando voc\u00ea visita quase todas as p\u00e1ginas da web. A utilidade do cookie \u00e9 que a web \u00e9 capaz de lembrar sua visita quando voc\u00ea retorna para navegar naquela p\u00e1gina. Embora muitas pessoas n\u00e3o saibam, os cookies s\u00e3o usados \u200b\u200bh\u00e1 20 anos, quando surgiram os primeiros navegadores da World Wide Web.\n\n<strong>O que N\u00c3O \u00e9 um cookie?<\/strong>\n\nN\u00e3o \u00e9 um v\u00edrus, nem um Trojan, nem um worm, nem spam, nem spyware, nem abre janelas pop-up.\n<strong>\nQuais informa\u00e7\u00f5es um cookie armazena?<\/strong>\n\nOs cookies geralmente n\u00e3o armazenam informa\u00e7\u00f5es confidenciais sobre voc\u00ea, como cart\u00f5es de cr\u00e9dito ou dados banc\u00e1rios, fotografias, sua identidade ou informa\u00e7\u00f5es pessoais, etc. Os dados que guardam s\u00e3o de natureza t\u00e9cnica, prefer\u00eancias pessoais, personaliza\u00e7\u00e3o de conte\u00fados, etc.\n\nO servidor web n\u00e3o o associa como pessoa, mas sim com o seu navegador. Na verdade, se voc\u00ea navegar regularmente com o Internet Explorer e tentar navegar no mesmo site com o Firefox ou Chrome, ver\u00e1 que o site n\u00e3o percebe que voc\u00ea \u00e9 a mesma pessoa porque est\u00e1, na verdade, associando o navegador, n\u00e3o a pessoa.\n\n<strong>Que tipo de cookies existem?<\/strong>\nCookies t\u00e9cnicos: S\u00e3o os mais b\u00e1sicos e permitem, entre outras coisas, saber quando um humano ou uma aplica\u00e7\u00e3o automatizada est\u00e1 navegando, quando um usu\u00e1rio an\u00f4nimo e um usu\u00e1rio registrado est\u00e3o navegando, tarefas b\u00e1sicas para o funcionamento de qualquer site din\u00e2mico.\n<br \/>Cookies de an\u00e1lise: Recolhem informa\u00e7\u00e3o sobre o tipo de navega\u00e7\u00e3o que est\u00e1 a fazer, as sec\u00e7\u00f5es que mais utiliza, produtos consultados, fuso hor\u00e1rio de utiliza\u00e7\u00e3o, idioma, etc.\n<br \/>Cookies de publicidade: eles mostram publicidade com base em sua navega\u00e7\u00e3o, seu pa\u00eds de origem, idioma, etc.\nO que s\u00e3o cookies pr\u00f3prios e de terceiros?\n\nCookies pr\u00f3prios s\u00e3o aqueles gerados pela p\u00e1gina que voc\u00ea est\u00e1 visitando e os de terceiros s\u00e3o aqueles gerados por servi\u00e7os ou provedores externos como Facebook, Twitter, Google, etc.<\/span><\/pre>\n<\/div>\n<div id=\"tw-target-rmn-container\" class=\"tw-target-rmn tw-ta-container hide-focus-ring tw-nfl\">\n<pre id=\"tw-target-rmn\" class=\"tw-data-placeholder tw-text-small tw-ta\" dir=\"ltr\" data-placeholder=\"\">\u00a0<\/pre>\n<\/div>\n<div id=\"tw-target-text-container\" class=\"tw-ta-container hide-focus-ring tw-nfl\" tabindex=\"0\">\n<pre id=\"tw-target-text\" class=\"tw-data-text tw-text-large XcVN5d tw-ta\" dir=\"ltr\" data-placeholder=\"Tradu\u00e7\u00e3o\"><span class=\"Y2IQFc\" lang=\"pt\"><strong>O que acontece se eu desativar os cookies?<\/strong>\n\nPara entender o escopo da desativa\u00e7\u00e3o de cookies, mostramos alguns exemplos:\n\nVoc\u00ea n\u00e3o poder\u00e1 compartilhar conte\u00fado desse site no Facebook, Twitter ou qualquer outra rede social.\nO site n\u00e3o poder\u00e1 adaptar os conte\u00fados \u00e0s suas prefer\u00eancias pessoais, como acontece frequentemente nas lojas online.\nVoc\u00ea n\u00e3o poder\u00e1 acessar a \u00e1rea pessoal desse site, como Minha conta, Meu perfil ou Meus pedidos.\nLojas online: Ser\u00e1 imposs\u00edvel fazer compras online, ter\u00e3o que ser por telefone ou visitando a loja f\u00edsica se tiver uma.\nN\u00e3o ser\u00e1 poss\u00edvel personalizar suas prefer\u00eancias geogr\u00e1ficas, como fuso hor\u00e1rio, moeda ou idioma.\nO site n\u00e3o ser\u00e1 capaz de realizar an\u00e1lises da web sobre visitantes e tr\u00e1fego na web, o que tornar\u00e1 dif\u00edcil para a web ser competitiva.\nVoc\u00ea n\u00e3o poder\u00e1 escrever no blog, n\u00e3o poder\u00e1 enviar fotos, postar coment\u00e1rios, avaliar ou avaliar conte\u00fado. A web tamb\u00e9m n\u00e3o ser\u00e1 capaz de saber se voc\u00ea \u00e9 um humano ou um aplicativo automatizado que publica spam.\nN\u00e3o ser\u00e1 poss\u00edvel veicular publicidade setorizada, o que reduzir\u00e1 a receita publicit\u00e1ria da web.\nTodas as redes sociais usam cookies, se voc\u00ea desativ\u00e1-los n\u00e3o poder\u00e1 usar nenhuma rede social.\n<br \/><strong>Voc\u00ea pode excluir cookies?<\/strong>\n<br \/>\nSim. N\u00e3o s\u00f3 deleta, mas tamb\u00e9m bloqueia de forma geral ou particular para um dom\u00ednio espec\u00edfico.\n\nPara excluir cookies de um site, voc\u00ea deve ir \u00e0s configura\u00e7\u00f5es do seu navegador e l\u00e1 voc\u00ea pode pesquisar aqueles associados ao dom\u00ednio em quest\u00e3o e prosseguir para exclu\u00ed-los.\n\nConfigura\u00e7\u00f5es de cookies para os navegadores mais populares\n\nVeja como acessar um cookie espec\u00edfico no navegador Chrome. Observa\u00e7\u00e3o: essas etapas podem variar dependendo da vers\u00e3o do navegador:\n\nV\u00e1 para Configura\u00e7\u00f5es ou Prefer\u00eancias atrav\u00e9s do menu Arquivo ou clicando no \u00edcone de personaliza\u00e7\u00e3o que aparece no canto superior direito.\nVoc\u00ea ver\u00e1 diferentes se\u00e7\u00f5es, clique na op\u00e7\u00e3o Mostrar op\u00e7\u00f5es avan\u00e7adas.\nV\u00e1 para Privacidade, Configura\u00e7\u00f5es de conte\u00fado.\nSelecione Todos os cookies e dados do site.\nUma lista aparecer\u00e1 com todos os cookies ordenados por dom\u00ednio. Para facilitar a localiza\u00e7\u00e3o dos cookies de um determinado dom\u00ednio, insira o endere\u00e7o parcial ou totalmente no campo Pesquisar cookies.\nAp\u00f3s realizar este filtro, uma ou mais linhas com os cookies do site solicitado aparecer\u00e3o na tela. Agora basta selecion\u00e1-lo e pressionar o X para prosseguir com sua elimina\u00e7\u00e3o.<\/span><\/pre>\n<\/div>\n<div id=\"tw-target-rmn-container\" class=\"tw-target-rmn tw-ta-container hide-focus-ring tw-nfl\">\n<pre id=\"tw-target-rmn\" class=\"tw-data-placeholder tw-text-small tw-ta\" dir=\"ltr\" data-placeholder=\"\">\u00a0<\/pre>\n<\/div>\n<div id=\"tw-target-text-container\" class=\"tw-ta-container hide-focus-ring tw-nfl\" tabindex=\"0\">\n<pre id=\"tw-target-text\" class=\"tw-data-text tw-text-large XcVN5d tw-ta\" dir=\"ltr\" data-placeholder=\"Tradu\u00e7\u00e3o\"><span class=\"Y2IQFc\" lang=\"pt\">Para acessar as configura\u00e7\u00f5es de cookies do navegador Internet Explorer, siga estas etapas (podem variar dependendo da vers\u00e3o do navegador):\n\nV\u00e1 para Ferramentas, Op\u00e7\u00f5es da Internet\nClique em Privacidade.\nMova o controle deslizante para ajustar o n\u00edvel de privacidade desejado.\n\nPara acessar as configura\u00e7\u00f5es de cookies do navegador Firefox, siga estas etapas (podem variar dependendo da vers\u00e3o do navegador):\n\nV\u00e1 para Op\u00e7\u00f5es ou Prefer\u00eancias dependendo do seu sistema operacional.\nClique em Privacidade.\nEm Hist\u00f3rico, escolha Usar configura\u00e7\u00f5es personalizadas para hist\u00f3rico.\nAgora voc\u00ea ver\u00e1 a op\u00e7\u00e3o Aceitar cookies, voc\u00ea pode ativar ou desativar de acordo com suas prefer\u00eancias.\n\nPara acessar as configura\u00e7\u00f5es de cookies do navegador Safari para OSX, siga estas etapas (podem variar dependendo da vers\u00e3o do navegador):\n\nV\u00e1 para Prefer\u00eancias e, em seguida, Privacidade.\nNeste local voc\u00ea ver\u00e1 a op\u00e7\u00e3o Bloquear cookies para que possa ajustar o tipo de bloqueio que deseja realizar.\n\nPara acessar as configura\u00e7\u00f5es de cookies do navegador Safari para iOS, siga estas etapas (podem variar dependendo da vers\u00e3o do navegador):\n\nV\u00e1 para Configura\u00e7\u00f5es e, em seguida, Safari.\nAcesse Privacidade e Seguran\u00e7a, voc\u00ea ver\u00e1 a op\u00e7\u00e3o Bloquear cookies para que possa ajustar o tipo de bloqueio que deseja realizar.\n\nPara acessar as configura\u00e7\u00f5es de cookies do navegador para dispositivos Android, siga estas etapas (podem variar dependendo da vers\u00e3o do navegador):\n\nInicie o navegador e pressione a tecla Menu e, em seguida, Configura\u00e7\u00f5es.\nV\u00e1 para Seguran\u00e7a e Privacidade, voc\u00ea ver\u00e1 a op\u00e7\u00e3o Aceitar cookies para ativar ou desativar a caixa.\n\nPara acessar as configura\u00e7\u00f5es de cookies do navegador para dispositivos Windows Phone, siga estas etapas (podem variar dependendo da vers\u00e3o do navegador):\n\nAbra o Internet Explorer, em seguida, em mais, em seguida, configura\u00e7\u00f5es\nAgora voc\u00ea pode ativar ou desativar a caixa Permitir cookies.<\/span><\/pre>\n<\/div>\n<div id=\"tw-target-rmn-container\" class=\"tw-target-rmn tw-ta-container hide-focus-ring tw-nfl\">\u00a0<\/div>\n<p>\u00a0<\/p>\n\n\n<p><\/p>\n","protected":false},"excerpt":{"rendered":"<p>O que \u00e9 um cookie? Um cookie \u00e9 um arquivo de texto inofensivo que \u00e9 armazenado em seu navegador quando voc\u00ea visita quase todas as p\u00e1ginas<span class=\"excerpt-hellip\"> [\u2026]<\/span><\/p>\n","protected":false},"author":1,"featured_media":0,"parent":0,"menu_order":0,"comment_status":"closed","ping_status":"closed","template":"","meta":[],"_links":{"self":[{"href":"https:\/\/rapidosat.com.br\/index.php\/wp-json\/wp\/v2\/pages\/2346"}],"collection":[{"href":"https:\/\/rapidosat.com.br\/index.php\/wp-json\/wp\/v2\/pages"}],"about":[{"href":"https:\/\/rapidosat.com.br\/index.php\/wp-json\/wp\/v2\/types\/page"}],"author":[{"embeddable":true,"href":"https:\/\/rapidosat.com.br\/index.php\/wp-json\/wp\/v2\/users\/1"}],"replies":[{"embeddable":true,"href":"https:\/\/rapidosat.com.br\/index.php\/wp-json\/wp\/v2\/comments?post=2346"}],"version-history":[{"count":3,"href":"https:\/\/rapidosat.com.br\/index.php\/wp-json\/wp\/v2\/pages\/2346\/revisions"}],"predecessor-version":[{"id":2357,"href":"https:\/\/rapidosat.com.br\/index.php\/wp-json\/wp\/v2\/pages\/2346\/revisions\/2357"}],"wp:attachment":[{"href":"https:\/\/rapidosat.com.br\/index.php\/wp-json\/wp\/v2\/media?parent=2346"}],"curies":[{"name":"wp","href":"https:\/\/api.w.org\/{rel}","templated":true}]}}